{"id":9534,"date":"2020-08-06T13:36:01","date_gmt":"2020-08-06T16:36:01","guid":{"rendered":"https:\/\/ampid.org.br\/site2020\/?page_id=9534"},"modified":"2020-08-06T13:36:01","modified_gmt":"2020-08-06T16:36:01","slug":"decreto-6949","status":"publish","type":"page","link":"https:\/\/ampid.org.br\/site2020\/?page_id=9534","title":{"rendered":"Decreto 6.949 &#8211; Conven\u00e7\u00e3o sobre os Direitos das Pessoas com Defici\u00eancia"},"content":{"rendered":"<section class=\"l-section wpb_row height_small\"><div class=\"l-section-h i-cf\"><div class=\"g-cols vc_row via_flex valign_top type_default stacking_default\"><div class=\"vc_col-sm-12 wpb_column vc_column_container\"><div class=\"vc_column-inner\"><div class=\"wpb_wrapper\"><div class=\"wpb_text_column\"><div class=\"wpb_wrapper\"><div class=\"titulo\">\n<h2>Conven\u00e7\u00e3o sobre os Direitos das Pessoas com Defici\u00eancia<\/h2>\n<p>&nbsp;<\/p>\n<p><b>DECRETO N\u00ba 6.949, DE 25 DE AGOSTO DE 2009.<\/b><\/p>\n<p>Promulga a Conven\u00e7\u00e3o Internacional sobre os Direitos das Pessoas com Defici\u00eancia e seu Protocolo Facultativo, assinados em Nova York, em 30 de mar\u00e7o de 2007.<\/p>\n<p><b>O PRESIDENTE DA REP\u00daBLICA<\/b>, no uso da atribui\u00e7\u00e3o que lhe confere o art. 84, inciso IV, da Constitui\u00e7\u00e3o, e<\/p>\n<p>Considerando que o Congresso Nacional aprovou, por meio do Decreto Legislativo n<sup>o<\/sup>186, de 9 de julho de 2008, conforme o procedimento do \u00a7 3 \u00c2\u017edo art. 5\u00c2\u017e da Constitui\u00e7\u00e3o, a Conven\u00e7\u00e3o sobre os Direitos das Pessoas com Defici\u00eancia e seu Protocolo Facultativo, assinados em Nova York, em 30 de mar\u00e7o de 2007;<\/p>\n<p>Considerando que o Governo brasileiro depositou o instrumento de ratifica\u00e7\u00e3o dos referidos atos junto ao Secret\u00e1rio-Geral das Na\u00e7\u00f5es Unidas em 1<sup>o<\/sup>de agosto de 2008;<\/p>\n<p>Considerando que os atos internacionais em apre\u00e7o entraram em vigor para o Brasil, no plano jur\u00eddico externo, em 31 de agosto de 2008;<\/p>\n<p class=\"minititulo\">DECRETA:<\/p>\n<p>Art. 1<sup>o<\/sup>A Conven\u00e7\u00e3o sobre os Direitos das Pessoas com Defici\u00eancia e seu Protocolo Facultativo, apensos por c\u00f3pia ao presente Decreto, ser\u00e3o executados e cumpridos t\u00e3o inteiramente como neles se cont\u00e9m.<\/p>\n<p>Art. 2<sup>o<\/sup>S\u00e3o sujeitos \u00e0 aprova\u00e7\u00e3o do Congresso Nacional quaisquer atos que possam resultar em revis\u00e3o dos referidos diplomas internacionais ou que acarretem encargos ou compromissos gravosos ao patrim\u00f4nio nacional, nos termos do\u00a0<a href=\"http:\/\/www.planalto.gov.br\/ccivil_03\/Constituicao\/Constitui%EF%BF%BDao.htm#art49i\">art. 49, inciso I, da Constitui\u00e7\u00e3o.<\/a><\/p>\n<p>Art. 3<sup>o<\/sup>Este Decreto entra em vigor na data de sua publica\u00e7\u00e3o.<\/p>\n<p>Bras\u00edlia, 25 de agosto de 2009; 188<sup>o<\/sup>da Independ\u00eancia e 121<sup>o<\/sup>da Rep\u00fablica.<\/p>\n<p>LUIZ IN\u00c1CIO LULA DA SILVA<\/p>\n<p>Celso Luiz Nunes Amorim<\/p>\n<p>Este texto n\u00e3o substitui o publicado no DOU de 26.8.2009<\/p>\n<\/div>\n<\/div><\/div><\/div><\/div><\/div><\/div><\/div><\/section>\n","protected":false},"excerpt":{"rendered":"Conven\u00e7\u00e3o sobre os Direitos das Pessoas com Defici\u00eancia &nbsp; DECRETO N\u00ba 6.949, DE 25 DE AGOSTO DE 2009. Promulga a Conven\u00e7\u00e3o Internacional sobre os Direitos das Pessoas com Defici\u00eancia e seu Protocolo Facultativo, assinados em Nova York, em 30 de mar\u00e7o de 2007. O PRESIDENTE DA REP\u00daBLICA, no uso da atribui\u00e7\u00e3o que lhe confere o...","protected":false},"author":1,"featured_media":0,"parent":0,"menu_order":0,"comment_status":"closed","ping_status":"closed","template":"","meta":{"_acf_changed":false,"inline_featured_image":false,"footnotes":""},"class_list":["post-9534","page","type-page","status-publish","hentry"],"acf":[],"_links":{"self":[{"href":"https:\/\/ampid.org.br\/site2020\/index.php?rest_route=\/wp\/v2\/pages\/9534","targetHints":{"allow":["GET"]}}],"collection":[{"href":"https:\/\/ampid.org.br\/site2020\/index.php?rest_route=\/wp\/v2\/pages"}],"about":[{"href":"https:\/\/ampid.org.br\/site2020\/index.php?rest_route=\/wp\/v2\/types\/page"}],"author":[{"embeddable":true,"href":"https:\/\/ampid.org.br\/site2020\/index.php?rest_route=\/wp\/v2\/users\/1"}],"replies":[{"embeddable":true,"href":"https:\/\/ampid.org.br\/site2020\/index.php?rest_route=%2Fwp%2Fv2%2Fcomments&post=9534"}],"version-history":[{"count":0,"href":"https:\/\/ampid.org.br\/site2020\/index.php?rest_route=\/wp\/v2\/pages\/9534\/revisions"}],"wp:attachment":[{"href":"https:\/\/ampid.org.br\/site2020\/index.php?rest_route=%2Fwp%2Fv2%2Fmedia&parent=9534"}],"curies":[{"name":"wp","href":"https:\/\/api.w.org\/{rel}","templated":true}]}}

Decreto 6.949 &#8211; Convenção sobre os Direitos das Pessoas com Deficiência

<section class="l-section wpb_row height_small"><div class="l-section-h i-cf"><div class="g-cols vc_row via_flex valign_top type_default stacking_default"><div class="vc_col-sm-12 wpb_column vc_column_container"><div class="vc_column-inner"><div class="wpb_wrapper"><div class="wpb_text_column"><div class="wpb_wrapper"><div class="titulo">
<h2>Convenção sobre os Direitos das Pessoas com Deficiência</h2>
<p>&nbsp;</p>
<p><b>DECRETO Nº 6.949, DE 25 DE AGOSTO DE 2009.</b></p>
<p>Promulga a Convenção Internacional sobre os Direitos das Pessoas com Deficiência e seu Protocolo Facultativo, assinados em Nova York, em 30 de março de 2007.</p>
<p><b>O PRESIDENTE DA REPÚBLICA</b>, no uso da atribuição que lhe confere o art. 84, inciso IV, da Constituição, e</p>
<p>Considerando que o Congresso Nacional aprovou, por meio do Decreto Legislativo n<sup>o</sup>186, de 9 de julho de 2008, conforme o procedimento do § 3 Âždo art. 5Âž da Constituição, a Convenção sobre os Direitos das Pessoas com Deficiência e seu Protocolo Facultativo, assinados em Nova York, em 30 de março de 2007;</p>
<p>Considerando que o Governo brasileiro depositou o instrumento de ratificação dos referidos atos junto ao Secretário-Geral das Nações Unidas em 1<sup>o</sup>de agosto de 2008;</p>
<p>Considerando que os atos internacionais em apreço entraram em vigor para o Brasil, no plano jurídico externo, em 31 de agosto de 2008;</p>
<p class="minititulo">DECRETA:</p>
<p>Art. 1<sup>o</sup>A Convenção sobre os Direitos das Pessoas com Deficiência e seu Protocolo Facultativo, apensos por cópia ao presente Decreto, serão executados e cumpridos tão inteiramente como neles se contém.</p>
<p>Art. 2<sup>o</sup>São sujeitos à aprovação do Congresso Nacional quaisquer atos que possam resultar em revisão dos referidos diplomas internacionais ou que acarretem encargos ou compromissos gravosos ao patrimônio nacional, nos termos do <a href="http://www.planalto.gov.br/ccivil_03/Constituicao/Constitui%EF%BF%BDao.htm#art49i">art. 49, inciso I, da Constituição.</a></p>
<p>Art. 3<sup>o</sup>Este Decreto entra em vigor na data de sua publicação.</p>
<p>Brasília, 25 de agosto de 2009; 188<sup>o</sup>da Independência e 121<sup>o</sup>da República.</p>
<p>LUIZ INÁCIO LULA DA SILVA</p>
<p>Celso Luiz Nunes Amorim</p>
<p>Este texto não substitui o publicado no DOU de 26.8.2009</p>
</div>
</div></div></div></div></div></div></div></section>

Convenção sobre os Direitos das Pessoas com Deficiência &nbsp; DECRETO Nº 6.949, DE 25 DE AGOSTO DE 2009. Promulga a Convenção Internacional sobre os Direitos das Pessoas com Deficiência e seu Protocolo Facultativo, assinados em Nova York, em 30 de março de 2007. O PRESIDENTE DA REPÚBLICA, no uso da atribuição que lhe confere o...
