{"id":9522,"date":"2020-08-06T13:12:49","date_gmt":"2020-08-06T16:12:49","guid":{"rendered":"https:\/\/ampid.org.br\/site2020\/?page_id=9522"},"modified":"2020-08-06T13:12:49","modified_gmt":"2020-08-06T16:12:49","slug":"lei-12033","status":"publish","type":"page","link":"https:\/\/ampid.org.br\/site2020\/?page_id=9522","title":{"rendered":"Lei N\u00ba 12.033, de 29 de Setembro de 2009"},"content":{"rendered":"<section class=\"l-section wpb_row height_small\"><div class=\"l-section-h i-cf\"><div class=\"g-cols vc_row via_flex valign_top type_default stacking_default\"><div class=\"vc_col-sm-12 wpb_column vc_column_container\"><div class=\"vc_column-inner\"><div class=\"wpb_wrapper\"><div class=\"w-image align_left\"><div class=\"w-image-h\"><img decoding=\"async\" width=\"90\" height=\"91\" src=\"https:\/\/ampid.org.br\/site2020\/wp-content\/uploads\/2020\/08\/brasao_brasil.png\" class=\"attachment-full size-full\" alt=\"\" loading=\"lazy\" \/><\/div><\/div><div class=\"w-separator size_small\"><\/div><div class=\"wpb_text_column\"><div class=\"wpb_wrapper\"><div class=\"titulo\">\n<h3><strong>Presid\u00eancia da Rep\u00fablica<\/strong><br \/>\nCasa Civil<br \/>\nSubchefia para Assuntos Jur\u00eddicos<\/h3>\n<\/div>\n<\/div><\/div><div class=\"w-separator size_medium\"><\/div><div class=\"wpb_text_column\"><div class=\"wpb_wrapper\"><div class=\"titulo\">\n<p><u>Lei N\u00ba 12.033, de 29 de Setembro de 2009<\/u><\/p>\n<div>Altera a reda\u00e7\u00e3o do par\u00e1grafo \u00fanico do art. 145 do Decreto-Lei n\u00ba 2.848, de 7 de dezembro de 1940 &#8211; C\u00f3digo Penal, tornando p\u00fablica condicionada a a\u00e7\u00e3o penal em raz\u00e3o da inj\u00faria que especifica.<\/div>\n<p>&nbsp;<\/p>\n<p><b>O\u00a0PRESIDENTE\u00a0DA\u00a0REP\u00daBLICA<\/b> Fa\u00e7o saber que o Congresso Nacional decreta e eu sanciono a seguinte Lei:<\/p>\n<p>Art. 1\u00ba Esta Lei torna p\u00fablica condicionada a a\u00e7\u00e3o penal em raz\u00e3o de inj\u00faria consistente na utiliza\u00e7\u00e3o de elementos referentes a ra\u00e7a, cor, etnia, religi\u00e3o, origem ou a condi\u00e7\u00e3o de pessoa idosa ou portadora de defici\u00eancia.<\/p>\n<p>Art. 2\u00ba O par\u00e1grafo \u00fanico do art. 145 do Decreto-Lei nordm; 2.848, de 7 de dezembro de 1940 &#8211; C\u00f3digo Penal, passa a vigorar com a seguinte reda\u00e7\u00e3o:<\/p>\n<div>\n<p>&#8220;Art. 145. &#8230;&#8230;&#8230;&#8230;&#8230;&#8230;&#8230;&#8230;&#8230;&#8230;&#8230;&#8230;&#8230;&#8230;&#8230;&#8230;&#8230;&#8230;&#8230;&#8230;&#8230;&#8230;&#8230;.<\/p>\n<p>Par\u00e1grafo \u00fanico. Procede-se mediante requisi\u00e7\u00e3o do Ministro da Justi\u00e7a, no caso do inciso I do caput do art. 141 deste C\u00f3digo, e mediante representa\u00e7\u00e3o do ofendido, no caso do inciso II do mesmo artigo, bem como no caso do \u00a7 3\u00ba do art. 140 deste C\u00f3digo.&#8221; (NR)<\/p>\n<\/div>\n<p>Art. 3\u00ba Esta Lei entra em vigor na data de sua publica\u00e7\u00e3o.<\/p>\n<p>Bras\u00edlia,\u00a0 29 de setembro de 2009; 188\u00ba da Independ\u00eancia e 121\u00ba da Rep\u00fablica.<\/p>\n<p>LUIZ IN\u00c1CIO LULA DA SILVA<br \/>\nTarso Genro<\/p>\n<p><b>Este texto n\u00e3o substitui o publicado no DOU de 30.9.2009<\/b><\/p>\n<\/div>\n<\/div><\/div><\/div><\/div><\/div><\/div><\/div><\/section>\n","protected":false},"excerpt":{"rendered":"Presid\u00eancia da Rep\u00fablica Casa Civil Subchefia para Assuntos Jur\u00eddicos Lei N\u00ba 12.033, de 29 de Setembro de 2009 Altera a reda\u00e7\u00e3o do par\u00e1grafo \u00fanico do art. 145 do Decreto-Lei n\u00ba 2.848, de 7 de dezembro de 1940 &#8211; C\u00f3digo Penal, tornando p\u00fablica condicionada a a\u00e7\u00e3o penal em raz\u00e3o da inj\u00faria que especifica. &nbsp; O\u00a0PRESIDENTE\u00a0DA\u00a0REP\u00daBLICA Fa\u00e7o...","protected":false},"author":1,"featured_media":0,"parent":0,"menu_order":0,"comment_status":"closed","ping_status":"closed","template":"","meta":{"_acf_changed":false,"inline_featured_image":false,"footnotes":""},"class_list":["post-9522","page","type-page","status-publish","hentry"],"acf":[],"_links":{"self":[{"href":"https:\/\/ampid.org.br\/site2020\/index.php?rest_route=\/wp\/v2\/pages\/9522","targetHints":{"allow":["GET"]}}],"collection":[{"href":"https:\/\/ampid.org.br\/site2020\/index.php?rest_route=\/wp\/v2\/pages"}],"about":[{"href":"https:\/\/ampid.org.br\/site2020\/index.php?rest_route=\/wp\/v2\/types\/page"}],"author":[{"embeddable":true,"href":"https:\/\/ampid.org.br\/site2020\/index.php?rest_route=\/wp\/v2\/users\/1"}],"replies":[{"embeddable":true,"href":"https:\/\/ampid.org.br\/site2020\/index.php?rest_route=%2Fwp%2Fv2%2Fcomments&post=9522"}],"version-history":[{"count":0,"href":"https:\/\/ampid.org.br\/site2020\/index.php?rest_route=\/wp\/v2\/pages\/9522\/revisions"}],"wp:attachment":[{"href":"https:\/\/ampid.org.br\/site2020\/index.php?rest_route=%2Fwp%2Fv2%2Fmedia&parent=9522"}],"curies":[{"name":"wp","href":"https:\/\/api.w.org\/{rel}","templated":true}]}}