{"id":11145,"date":"2023-05-24T13:37:12","date_gmt":"2023-05-24T16:37:12","guid":{"rendered":"http:\/\/ampid.org.br\/site2020\/?page_id=11145"},"modified":"2023-05-24T14:20:58","modified_gmt":"2023-05-24T17:20:58","slug":"ifbrm-aprimorado","status":"publish","type":"page","link":"https:\/\/ampid.org.br\/site2020\/?page_id=11145","title":{"rendered":"IFBrM Aprimorado"},"content":{"rendered":"<p>Compreender a proposta de instrumento de avalia\u00e7\u00e3o \u00e9 fundamental para ampliarmos nosso conhecimento e contribuirmos ativamente para a regulamenta\u00e7\u00e3o da avalia\u00e7\u00e3o biopsicossocial da defici\u00eancia.<\/p>\n<p>A proposta de instrumento de avalia\u00e7\u00e3o biopsicossocial divulgada pela Rede In foi constru\u00edda de forma independente e volunt\u00e1ria por especialistas em estudos da defici\u00eancia. \u00c9 uma proposta de aprimoramentos do IFBrM, fundamentado em pesquisa e revis\u00e3o da literatura cient\u00edfica e na an\u00e1lise de dados e informa\u00e7\u00f5es constantes em documentos oficiais de instrumentos de avalia\u00e7\u00e3o de outros pa\u00edses.<br \/>\nEspera-se que essa proposta possa ser objeto de an\u00e1lise, discuss\u00e3o e aprimoramento por pessoas com interesse no tema, a come\u00e7ar pelas pessoas com defici\u00eancia e suas representa\u00e7\u00f5es, assim como profissionais e gestores(as) governamentais e n\u00e3o governamentais das \u00e1reas envolvidas.<\/p>\n<p>Leia a proposta, compartilhe\u00a0e\u00a0participe!<\/p>\n<p><em>Clique no link abaixo:\u00a0<\/em><\/p>\n<p><a href=\"http:\/\/ampid.org.br\/site2020\/wp-content\/uploads\/2023\/05\/proposta_de_aprimoramento_do_IFBrM_maio_20231-3.pdf\">Proposta de Aprimoramento do IFBrM &#8211; Maio de 2023<\/a><\/p>\n<p>&nbsp;<\/p>\n","protected":false},"excerpt":{"rendered":"<p>Compreender a proposta de instrumento de avalia\u00e7\u00e3o \u00e9 fundamental para ampliarmos nosso conhecimento e contribuirmos ativamente para a regulamenta\u00e7\u00e3o da avalia\u00e7\u00e3o biopsicossocial da defici\u00eancia. A proposta de instrumento de avalia\u00e7\u00e3o biopsicossocial divulgada pela Rede In foi constru\u00edda de forma independente e volunt\u00e1ria por especialistas em estudos da defici\u00eancia. \u00c9 uma proposta de aprimoramentos do IFBrM,&#8230;<\/p>\n","protected":false},"author":2,"featured_media":0,"parent":0,"menu_order":0,"comment_status":"closed","ping_status":"closed","template":"","meta":{"_acf_changed":false,"inline_featured_image":false,"footnotes":""},"class_list":["post-11145","page","type-page","status-publish","hentry"],"acf":[],"_links":{"self":[{"href":"https:\/\/ampid.org.br\/site2020\/index.php?rest_route=\/wp\/v2\/pages\/11145","targetHints":{"allow":["GET"]}}],"collection":[{"href":"https:\/\/ampid.org.br\/site2020\/index.php?rest_route=\/wp\/v2\/pages"}],"about":[{"href":"https:\/\/ampid.org.br\/site2020\/index.php?rest_route=\/wp\/v2\/types\/page"}],"author":[{"embeddable":true,"href":"https:\/\/ampid.org.br\/site2020\/index.php?rest_route=\/wp\/v2\/users\/2"}],"replies":[{"embeddable":true,"href":"https:\/\/ampid.org.br\/site2020\/index.php?rest_route=%2Fwp%2Fv2%2Fcomments&post=11145"}],"version-history":[{"count":10,"href":"https:\/\/ampid.org.br\/site2020\/index.php?rest_route=\/wp\/v2\/pages\/11145\/revisions"}],"predecessor-version":[{"id":11160,"href":"https:\/\/ampid.org.br\/site2020\/index.php?rest_route=\/wp\/v2\/pages\/11145\/revisions\/11160"}],"wp:attachment":[{"href":"https:\/\/ampid.org.br\/site2020\/index.php?rest_route=%2Fwp%2Fv2%2Fmedia&parent=11145"}],"curies":[{"name":"wp","href":"https:\/\/api.w.org\/{rel}","templated":true}]}}